{"id":106,"date":"2020-03-09T17:52:28","date_gmt":"2020-03-09T16:52:28","guid":{"rendered":"http:\/\/lacombe.eu\/ipm\/?page_id=106"},"modified":"2025-07-07T11:26:21","modified_gmt":"2025-07-07T09:26:21","slug":"adhesion-ipm","status":"publish","type":"page","link":"https:\/\/ip-m.com\/index.php\/mpi\/adhesion-ipm\/","title":{"rendered":"Adh\u00e9sion \u00e0 L\u2019I.P&#038;M"},"content":{"rendered":"\n<p>Pour adh\u00e9rer : prendre contact avec Daniel Bonnet &gt; 377, Chemin du Fesc 34400 SAINT-JUST (Lunel) &#8211; bonnet.daniel@outlook.com<\/p>\n\n\n\n<h2>Pourquoi adh\u00e9rer \u00e0 l&rsquo;I.P&amp;M<\/h2>\n\n\n\n<p>L&rsquo;adh\u00e9sion \u00e0 l&rsquo;I.P&amp;M vous permet :<\/p>\n\n\n\n<ul><li>D&rsquo;\u00eatre membre adh\u00e9rent ou membre actif de l&rsquo;I.P&amp;M<\/li><li>D&rsquo;int\u00e9grer un groupe r\u00e9gional de r\u00e9flexion et de travail, et de participer aux r\u00e9unions p\u00e9riodiques.<\/li><li>D&rsquo;int\u00e9grer un groupe th\u00e9matique, r\u00e9gional ou national, r\u00e9alisant un travail de r\u00e9flexion ou de recherche.<\/li><li>De b\u00e9n\u00e9ficier de tarifs pr\u00e9f\u00e9rentiels lors de manifestations organis\u00e9es par l&rsquo;I.P&amp;M.<\/li><li>D&rsquo;acc\u00e9der \u00e0 l&rsquo;ensemble de la documentation propos\u00e9e par l&rsquo;I.P&amp;M.<\/li><li>De b\u00e9n\u00e9ficier de l&rsquo;\u00e9coute de personnes ayant r\u00e9alis\u00e9es un travail analytique personnel.<\/li><\/ul>\n\n\n\n<p>Pour prendre connaissance des statuts et du r\u00e8glement int\u00e9rieur : Rendez-vous aux rubriques correspondantes.<\/p>\n\n\n\n<p>Le montant de la cotisation annuelle est de 100, 00 Euros.<\/p>\n\n\n\n<p>Pour les demandeurs d&#8217;emplois, le montant de la cotisation annuelle est de 50,00 Euros.<\/p>\n\n\n\n<p>Pour les \u00e9tudiants et les doctorants, le montant de la cotisation annuelle est de 35,00 Euros.<\/p>\n\n\n\n<p>Vous\n pouvez d\u00e9duire 66 % de ce montant de vos imp\u00f4ts sur le revenu gr\u00e2ce au \nCERFA qui vous sera envoy\u00e9 \u00e0 l&rsquo;encaissement de votre r\u00e8glement.<\/p>\n\n\n\n<p>Nous vous remercions d&rsquo;adresser la fiche de renseignement accompagn\u00e9s du r\u00e8glement de votre cotisation \u00e0 l&rsquo;adresse suivante :<\/p>\n\n\n\n<p>Le bulletin de justification du r\u00e8glement est disponible sur demande valant confirmation de l&rsquo;adh\u00e9sion<\/p>\n\n\n\n<p>INSTITUT DE PSYCHANALYSE ET MANAGEMENT (I.P&amp;M)<br>   Mr. Daniel Bonnet &#8211; Pr\u00e9sident<br>   377, Chemin du Fesc<br>   34400 SAINT-JUST (Lunel)<\/p>\n\n\n\n<p>N&rsquo;oubliez pas de pr\u00e9ciser votre adresse postale, et vos coordonn\u00e9es t\u00e9l\u00e9phoniques et courriels<\/p>\n","protected":false},"excerpt":{"rendered":"<p>Pour adh\u00e9rer : prendre contact avec Daniel Bonnet &gt; 377, Chemin du Fesc 34400 SAINT-JUST (Lunel) &#8211; bonnet.daniel@outlook.com Pourquoi adh\u00e9rer \u00e0 l&rsquo;I.P&amp;M L&rsquo;adh\u00e9sion \u00e0 l&rsquo;I.P&amp;M vous permet : D&rsquo;\u00eatre membre adh\u00e9rent ou membre actif de l&rsquo;I.P&amp;M D&rsquo;int\u00e9grer un groupe r\u00e9gional de r\u00e9flexion et de travail, et de participer aux r\u00e9unions p\u00e9riodiques. D&rsquo;int\u00e9grer un groupe th\u00e9matique, &hellip; <a href=\"https:\/\/ip-m.com\/index.php\/mpi\/adhesion-ipm\/\" class=\"more-link\">Continuer la lecture de <span class=\"screen-reader-text\">Adh\u00e9sion \u00e0 L\u2019I.P&#038;M<\/span><\/a><\/p>\n","protected":false},"author":1,"featured_media":0,"parent":130,"menu_order":0,"comment_status":"closed","ping_status":"closed","template":"","meta":[],"_links":{"self":[{"href":"https:\/\/ip-m.com\/index.php\/wp-json\/wp\/v2\/pages\/106"}],"collection":[{"href":"https:\/\/ip-m.com\/index.php\/wp-json\/wp\/v2\/pages"}],"about":[{"href":"https:\/\/ip-m.com\/index.php\/wp-json\/wp\/v2\/types\/page"}],"author":[{"embeddable":true,"href":"https:\/\/ip-m.com\/index.php\/wp-json\/wp\/v2\/users\/1"}],"replies":[{"embeddable":true,"href":"https:\/\/ip-m.com\/index.php\/wp-json\/wp\/v2\/comments?post=106"}],"version-history":[{"count":17,"href":"https:\/\/ip-m.com\/index.php\/wp-json\/wp\/v2\/pages\/106\/revisions"}],"predecessor-version":[{"id":1479,"href":"https:\/\/ip-m.com\/index.php\/wp-json\/wp\/v2\/pages\/106\/revisions\/1479"}],"up":[{"embeddable":true,"href":"https:\/\/ip-m.com\/index.php\/wp-json\/wp\/v2\/pages\/130"}],"wp:attachment":[{"href":"https:\/\/ip-m.com\/index.php\/wp-json\/wp\/v2\/media?parent=106"}],"curies":[{"name":"wp","href":"https:\/\/api.w.org\/{rel}","templated":true}]}}