{"id":223,"date":"2020-03-09T22:54:22","date_gmt":"2020-03-09T21:54:22","guid":{"rendered":"http:\/\/lacombe.eu\/ipm\/?page_id=223"},"modified":"2024-07-12T08:44:07","modified_gmt":"2024-07-12T06:44:07","slug":"administrateurs","status":"publish","type":"page","link":"https:\/\/ip-m.com\/index.php\/mpi\/organisation\/administrateurs\/","title":{"rendered":"Le Conseil d&rsquo;Administration"},"content":{"rendered":"\n<h2>Les Administrateurs<\/h2>\n\n\n\n<h3>Isabelle BARTH<\/h3>\n\n\n\n<p>Professeur agr\u00e9g\u00e9e des Universit\u00e9s<br>Universit\u00e9 de Strasbourg (EM Strasbourg) <\/p>\n\n\n\n<h3>Daniel BONNET<\/h3>\n\n\n\n<p>Docteur en Sciences de Gestion, Habilit\u00e9 \u00e0 Diriger des Recherches<br>Consultant en Management de la Conduite du Changement<br>Chercheur-Associ\u00e9 \u00e0 l&rsquo;ISEOR et Magellan (Universit\u00e9 Jean Moulin, Lyon) <\/p>\n\n\n\n<h2>Gilles BRUN<\/h2>\n\n\n\n<p>Docteur en Sciences de Gestion. Consultant RH, Coach, Conciliateur de justice<\/p>\n\n\n\n<h3>Marc BONNET<\/h3>\n\n\n\n<p>Professeur \u00e9m\u00e9rite, Universit\u00e9 Jean-Moulin, Lyon, Directeur adjoint du Centre de Recherche ISEOR<\/p>\n\n\n\n<h3><strong>Georges BOTET-PRADEILLES<\/strong><\/h3>\n\n\n\n<p>Docteur en Psychologie Cognitive et Psychanalytique<br>Psychologue, Ecrivain, Pr\u00e9sident Honoraire de l&rsquo;I.P&amp;M<\/p>\n\n\n\n<h3>Jean-Claude CASALEGNO<\/h3>\n\n\n\n<p>Professeur de Management<br>Groupe ESC Clermont-Ferrand <\/p>\n\n\n\n<h3>Emmanuel DIET<\/h3>\n\n\n\n<p>Psychologue, Psychanalyste, Analyste de Groupe et d&rsquo;Institution<br><\/p>\n\n\n\n<h3>Patrick HAIM<\/h3>\n\n\n\n<p>Docteur en Sciences de Gestion, HDR<br>Consultant IMSES <\/p>\n\n\n\n<h3>Hubert LANDIER<\/h3>\n\n\n\n<p>Professeur \u00e9m\u00e9rite, Acad\u00e9mie du Travail et des Relations sociales de la F\u00e9d\u00e9ration de Russie<\/p>\n\n\n\n<h3>Mathias NAUDIN<\/h3>\n\n\n\n<p>Ma\u00eetre de Conf\u00e9rences, Universit\u00e9 de Paris<\/p>\n\n\n\n<h3>Jean-Jacques PLUCHART<\/h3>\n\n\n\n<p>Professeur \u00e9m\u00e9rite, Universit\u00e9 Paris 1 Panth\u00e9on-Sorbonne<\/p>\n\n\n\n<h3><strong>Annick SCHOTT<\/strong><\/h3>\n\n\n\n<p>Ma\u00eetre de Conf\u00e9rences (Hors Classe), Habilit\u00e9e \u00e0 Diriger des Recherches<br>Universit\u00e9 Bordeaux Montaigne<\/p>\n\n\n\n<h3>Thibault de SWARTE<\/h3>\n\n\n\n<p> Docteur en Sciences de Gestion, Habilit\u00e9 \u00e0 Diriger des Recherches<br>Ma\u00eetre de Conf\u00e9rences Honoraire, Institut Mines-T\u00e9l\u00e9com Atlantique<\/p>\n\n\n\n<h2>Lise VIEIRA<\/h2>\n\n\n\n<p>Professeur \u00e9m\u00e9rite, Universit\u00e9s Bordeaux-Montaigne (Sciences de l&rsquo;Information et de la Communication), Coordinatrice des r\u00e9seaux EUTIC et T.I.C.I.S (SFSIC)<\/p>\n\n\n\n<h2>Les Pr\u00e9sidents d&rsquo;Honneur ou Honoraires<\/h2>\n\n\n\n<p>Les Pr\u00e9sidents d&rsquo;Honneur sont membres de droit du Conseil d&rsquo;Administration<\/p>\n\n\n\n<h3><strong>Germain BERTRAND<\/strong><\/h3>\n\n\n\n<div class=\"wp-block-image\"><figure class=\"alignright is-resized\"><img loading=\"lazy\" src=\"http:\/\/ip-m.com\/wp-content\/uploads\/2020\/03\/G.BERTRAND.jpg\" alt=\"\" class=\"wp-image-232\" width=\"150\" height=\"180\" srcset=\"https:\/\/ip-m.com\/wp-content\/uploads\/2020\/03\/G.BERTRAND.jpg 424w, https:\/\/ip-m.com\/wp-content\/uploads\/2020\/03\/G.BERTRAND-250x300.jpg 250w\" sizes=\"(max-width: 150px) 100vw, 150px\" \/><\/figure><\/div>\n\n\n\n<p>Dipl\u00f4m\u00e9 de l&rsquo;Institut Agronomique M\u00e9diterran\u00e9en<br>D.E.S en Sciences Economiques<br>Docteur en Sociologie<br>Directeur de l&rsquo;Institut Breton d&rsquo;Ing\u00e9nierie Sociale<br>Membre fondateur<br>1\u00b0 Pr\u00e9sident de l&rsquo;I.P&amp;M, Pr\u00e9sident d&rsquo;Honneur<\/p>\n\n\n\n<h3><strong>Florian SALA<\/strong><\/h3>\n\n\n\n<p>Docteur en Psychologie, psychosociologue, Psychanalyste<br>Professeur de Management des Ressources Humaines<br>Membre fondateur<br>2\u00b0 Pr\u00e9sident de l&rsquo;I.P&amp;M, Pr\u00e9sident d&rsquo;Honneur<\/p>\n\n\n\n<h3><strong>Dominic DRILLON<\/strong><\/h3>\n\n\n\n<p>Docteur en Sciences Humaines, HDR en Sciences de Gestion<br>Professeur de Management<br>Membre fondateur<br>3\u00b0 Pr\u00e9sident de l&rsquo;I.P&amp;M, Pr\u00e9sident d&rsquo;Honneur<\/p>\n\n\n\n<h3><strong>Georges BOTET-PRADEILLES<\/strong><\/h3>\n\n\n\n<p>Docteur en psychologie cognitive et analytique<br>Psychologue, Directeur honoraire d&rsquo;\u00e9tablissements sociaux publics et priv\u00e9s, Ecrivain<br>4\u00b0 Pr\u00e9sident de l&rsquo;I.P&amp;M, Pr\u00e9sident Honoraire<\/p>\n\n\n\n<h2><strong>Membres d&rsquo;Honneur ou Honoraires<\/strong><\/h2>\n\n\n\n<h3><strong>Mario PERINI<\/strong><\/h3>\n\n\n\n<p>Psychiatre, Psychanalyste<br>Directeur Scientifique, Il Nodo Group (Turin)<br>Membre d&rsquo;Honneur<\/p>\n\n\n\n<h3><strong>Roland BRUNNER<\/strong> <strong>(\u2020)<\/strong><\/h3>\n\n\n\n<p>Vice-Pr\u00e9sident Honoraire<br>Psychanalyste, Coach et Superviseur<br>Membre fondateur de la SFCoach<\/p>\n\n\n\n<h3><strong>Jean-Benjamin STORA<\/strong><\/h3>\n\n\n\n<p>Psychosomaticien, Psychanalyste<br>Membre d&rsquo;Honneur<\/p>\n\n\n\n<h3><strong>Georges BOTET-PRADEILLES<\/strong><\/h3>\n\n\n\n<p>Pr\u00e9sident Honoraire<br>Psychologue, Ecrivain<\/p>\n\n\n\n<h3><strong>Henri SAVALL<\/strong><\/h3>\n\n\n\n<p>Professeur \u00e9m\u00e9rite, Universit\u00e9 Jean-Moulin, Lyon<br>Membre d&rsquo;Honneur<\/p>\n","protected":false},"excerpt":{"rendered":"<p>Les Administrateurs Isabelle BARTH Professeur agr\u00e9g\u00e9e des Universit\u00e9sUniversit\u00e9 de Strasbourg (EM Strasbourg) Daniel BONNET Docteur en Sciences de Gestion, Habilit\u00e9 \u00e0 Diriger des RecherchesConsultant en Management de la Conduite du ChangementChercheur-Associ\u00e9 \u00e0 l&rsquo;ISEOR et Magellan (Universit\u00e9 Jean Moulin, Lyon) Gilles BRUN Docteur en Sciences de Gestion. Consultant RH, Coach, Conciliateur de justice Marc BONNET Professeur &hellip; <a href=\"https:\/\/ip-m.com\/index.php\/mpi\/organisation\/administrateurs\/\" class=\"more-link\">Continuer la lecture de <span class=\"screen-reader-text\">Le Conseil d&rsquo;Administration<\/span><\/a><\/p>\n","protected":false},"author":1,"featured_media":0,"parent":127,"menu_order":0,"comment_status":"closed","ping_status":"closed","template":"","meta":[],"_links":{"self":[{"href":"https:\/\/ip-m.com\/index.php\/wp-json\/wp\/v2\/pages\/223"}],"collection":[{"href":"https:\/\/ip-m.com\/index.php\/wp-json\/wp\/v2\/pages"}],"about":[{"href":"https:\/\/ip-m.com\/index.php\/wp-json\/wp\/v2\/types\/page"}],"author":[{"embeddable":true,"href":"https:\/\/ip-m.com\/index.php\/wp-json\/wp\/v2\/users\/1"}],"replies":[{"embeddable":true,"href":"https:\/\/ip-m.com\/index.php\/wp-json\/wp\/v2\/comments?post=223"}],"version-history":[{"count":17,"href":"https:\/\/ip-m.com\/index.php\/wp-json\/wp\/v2\/pages\/223\/revisions"}],"predecessor-version":[{"id":1203,"href":"https:\/\/ip-m.com\/index.php\/wp-json\/wp\/v2\/pages\/223\/revisions\/1203"}],"up":[{"embeddable":true,"href":"https:\/\/ip-m.com\/index.php\/wp-json\/wp\/v2\/pages\/127"}],"wp:attachment":[{"href":"https:\/\/ip-m.com\/index.php\/wp-json\/wp\/v2\/media?parent=223"}],"curies":[{"name":"wp","href":"https:\/\/api.w.org\/{rel}","templated":true}]}}